der when 110877 is divided by 24.
21
What is the remainder when 470 is divided by 224?
22
Calculate the remainder when 10059 is divided by 136.
131
What is the remainder when 145369 is divided by 826?
819
What is the remainder when 22815 is divided by 50?
15
What is the remainder when 128634 is divided by 24?
18
Calculate the remainder when 101 is divided by 13.
10
Calculate the remainder when 21086 is divided by 162.
26
What is the remainder when 441474 is divided by 849?
843
What is the remainder when 12998 is divided by 541?
14
Calculate the remainder when 3972 is divided by 283.
10
What is the remainder when 2987 is divided by 84?
47
What is the remainder when 45196 is divided by 52?
8
Calculate the remainder when 807 is divided by 3.
0
Calculate the remainder when 214544 is divided by 15.
14
What is the remainder when 2748639 is divided by 36?
3
Calculate the remainder when 67262 is divided by 11210.
2
What is the remainder when 4135 is divided by 68?
55
Calculate the remainder when 3101 is divided by 1522.
57
What is the remainder when 2711 is divided by 1898?
813
What is the remainder when 833 is divided by 196?
49
Calculate the remainder when 12725 is divided by 411.
395
Calculate the remainder when 1298 is divided by 1038.
260
Calculate the remainder when 11377 is divided by 422.
405
What is the remainder when 34681 is divided by 46?
43
Calculate the remainder when 3720 is divided by 525.
45
What is the remainder when 261242 is divided by 550?
542
What is the remainder when 1038319 is divided by 35804?
3
Calculate the remainder when 50745 is divided by 16892.
69
Calculate the remainder when 1268 is divided by 798.
470
Calculate the remainder when 325309 is divided by 21.
19
What is the remainder when 160362 is divided by 53454?
0
Calculate the remainder when 11934 is divided by 23.
20
What is the remainder when 4203 is divided by 39?
30
What is the remainder when 44055 is divided by 604?
567
What is the remainder when 9522 is divided by 793?
6
What is the remainder when 7464 is divided by 170?
154
What is the remainder when 5523 is divided by 118?
95
What is the remainder when 1087 is divided by 526?
35
Calculate the remainder when 20960 is divided by 2032.
640
Calculate the remainder when 62002 is divided by 30962.
78
What is the remainder when 4685 is divided by 774?
41
What is the remainder when 32953 is divided by 18?
13
What is the remainder when 55398 is divided by 48?
6
Calculate the remainder when 681221 is divided by 340607.
7
What is the remainder when 765 is divided by 187?
17
What is the remainder when 4550 is divided by 106?
98
Calculate the remainder when 517883 is divided by 112.
107
What is the remainder when 507 is divided by 443?
64
What is the remainder when 16842 is divided by 344?
330
What is the remainder when 16464 is divided by 4114?
8
Calculate the remainder when 90280 is divided by 734.
732
Calculate the remainder when 6855 is divided by 361.
357
Calculate the remainder when 12126 is divided by 49.
23
Calculate the remainder when 9531 is divided by 29.
19
Calculate the remainder when 148690 is divided by 66.
58
What is the remainder when 50001 is divided by 24998?
5
Calculate the remainder when 21068 is divided by 54.
8
Calculate the remainder when 81962 is divided by 40977.
8
Calculate the remainder when 27161 is divided by 3864.
113
What is the remainder when 29797 is divided by 35?
12
Calculate the remainder when 338 is divided by 144.
50
Calculate the remainder when 69250 is divided by 163.
138
What is the remainder when 44834 is divided by 3735?
14
Calculate the remainder when 20865 is divided by 60.
45
What is the remainder when 55789 is divided by 481?
474
Calculate the remainder when 1555611 is divided by 173.
168
Calculate the remainder when 28334 is divided by 10.
4
Calculate the remainder when 13191 is divided by 15.
6
What is the remainder when 64691 is divided by 227?
223
What is the remainder when 4727 is divided by 1181?
3
Calculate the remainder when 67245 is divided by 2316.
81
Calculate the remainder when 8550 is divided by 34.
16
Calculate the remainder when 11005 is divided by 9.
7
What is the remainder when 7802 is divided by 1821?
518
What is the remainder when 3617 is divided by 173?
157
Calculate the remainder when 24654 is divided by 86.
58
What is the remainder when 67635 is divided by 239?
237
What is the remainder when 18693 is divided by 1867?
23
What is the remainder when 7724 is divided by 2126?
1346
What is the remainder when 8452 is divided by 1799?
1256
Calculate the remainder when 2418803 is divided by 9.
8
Calculate the remainder when 216408 is divided by 19.
17
What is the remainder when 968457 is divided by 533?
529
What is the remainder when 22413 is divided by 2240?
13
Calculate the remainder when 18909 is divided by 10.
9
Calculate the remainder when 3369 is divided by 97.
71
What is the remainder when 482 is divided by 15?
2
What is the remainder when 76812 is divided by 128?
12
What is the remainder when 447933 is divided by 16?
13
Calculate the remainder when 635051 is divided by 224.
11
Calculate the remainder when 9369 is divided by 228.
21
What is the remainder when 404136 is divided by 1018?
1008
Calculate the remainder when 49856 is divided by 54.
14
What is the remainder when 22345 is divided by 22?
15
Calculate the remainder when 201715 is divided by 106.
103
What is the remainder when 435186 is divided by 39562?
4
Calculate the remainder when 65842 is divided by 12.
10
Calculate the remainder when 660894 is divided by 15.
9
Calculate the remainder when 44908 is divided by 14965.
13
What is the remainder when 13275 is divided by 53?
25
Calculate the remainder when 74934 is divided by 134.
28
Calculate the remainder when 387610 is divided by 2280.
10
Calculate the remainder when 19131 is divided by 440.
211
What is the remainder when 2388 is divided by 58?
10
What is the remainder when 12619 is divided by 6304?
11
What is the remainder when 62118 is divided by 93?
87
Calculate the remainder when 200804 is divided by 308.
296
What is the remainder when 3653 is divided by 1017?
602
Calculate the remainder when 797265 is divided by 398632.
1
Calculate the remainder when 70930 is divided by 35265.
400
Calculate the remainder when 12483 is divided by 1549.
91
What is the remainder when 2698 is divided by 330?
58
What is the remainder when 5523 is divided by 5504?
19
Calculate the remainder when 71267 is divided by 341.
339
Calculate the remainder when 22261 is divided by 187.
8
What is the remainder when 1050163 is divided by 26?
23
What is the remainder when 9019 is divided by 93?
91
Calculate the remainder when 567 is divided by 267.
33
Calculate the remainder when 188 is divided by 35.
13
What is the remainder when 38677 is divided by 12892?
1
What is the remainder when 9914 is divided by 680?
394
Calculate the remainder when 10626 is divided by 94.
4
Calculate the remainder when 14889 is divided by 702.
147
Calculate the remainder when 52010 is divided by 10380.
110
Calculate the remainder when 2218 is divided by 703.
109
What is the remainder when 5136 is divided by 18?
6
What is the remainder when 6391 is divided by 1275?
16
Calculate the remainder when 11786 is divided by 3865.
191
What is the remainder when 32655 is divided by 355?
350
Calculate the remainder when 199392 is divided by 40.
32
What is the remainder when 970184 is divided by 99?
83
Calculate the remainder when 44921 is divided by 22454.
13
What is the remainder when 3882 is divided by 322?
18
Calculate the remainder when 8127 is divided by 955.
487
What is the remainder when 3283685 is divided by 1094558?
11
Calculate the remainder when 13781 is divided by 6840.
101
Calculate the remainder when 307255 is divided by 43890.
25
Calculate the remainder when 8999 is divided by 45.
44
What is the remainder when 7730 is divided by 1899?
134
Calculate the remainder when 1375263 is divided by 97.
94
What is the remainder when 105703 is divided by 63?
52
Calculate the remainder when 32068 is divided by 48.
4
What is the remainder when 4104 is divided by 908?
472
What is the remainder when 2254 is divided by 184?
46
Calculate the remainder when 17961 is divided by 1795.
11
Calculate the remainder wh